{"id":14,"date":"2015-05-20T11:54:51","date_gmt":"2015-05-20T11:54:51","guid":{"rendered":"http:\/\/sinesound.com\/?page_id=14"},"modified":"2019-09-21T21:19:15","modified_gmt":"2019-09-21T21:19:15","slug":"yhteystiedot","status":"publish","type":"page","link":"https:\/\/sinesound.com\/?page_id=14","title":{"rendered":"Yhteystiedot"},"content":{"rendered":"<p class=\"style1\"><strong>Ota yhteytt\u00e4!<\/strong><\/p>\n<p class=\"style1\">puh. +358 50 3088920<br \/>\ns\u00e4hk\u00f6posti. info (\u00e4t) sinesound.com<br \/>\ny-tunnus: 1888657-5 (alv. rek.)<\/p>\n<p class=\"style1\"><a href=\"https:\/\/sinesound.com\/wp-content\/uploads\/2018\/08\/20180312_212242-Copy.jpg\"><img loading=\"lazy\" decoding=\"async\" class=\"alignnone size-large wp-image-204\" src=\"https:\/\/sinesound.com\/wp-content\/uploads\/2018\/08\/20180312_212242-Copy-1024x596.jpg\" alt=\"\" width=\"676\" height=\"393\" srcset=\"https:\/\/sinesound.com\/wp-content\/uploads\/2018\/08\/20180312_212242-Copy-1024x596.jpg 1024w, https:\/\/sinesound.com\/wp-content\/uploads\/2018\/08\/20180312_212242-Copy-300x174.jpg 300w, https:\/\/sinesound.com\/wp-content\/uploads\/2018\/08\/20180312_212242-Copy-768x447.jpg 768w, https:\/\/sinesound.com\/wp-content\/uploads\/2018\/08\/20180312_212242-Copy-945x550.jpg 945w, https:\/\/sinesound.com\/wp-content\/uploads\/2018\/08\/20180312_212242-Copy-600x349.jpg 600w\" sizes=\"auto, (max-width: 676px) 100vw, 676px\" \/><\/a><\/p>\n","protected":false},"excerpt":{"rendered":"<p>Ota yhteytt\u00e4! puh. +358 50 3088920 s\u00e4hk\u00f6posti. info (\u00e4t) sinesound.com y-tunnus: 1888657-5 (alv. rek.)<\/p>\n","protected":false},"author":1,"featured_media":0,"parent":0,"menu_order":0,"comment_status":"closed","ping_status":"closed","template":"template-nosidebar.php","meta":{"footnotes":""},"class_list":["post-14","page","type-page","status-publish","hentry"],"_links":{"self":[{"href":"https:\/\/sinesound.com\/index.php?rest_route=\/wp\/v2\/pages\/14","targetHints":{"allow":["GET"]}}],"collection":[{"href":"https:\/\/sinesound.com\/index.php?rest_route=\/wp\/v2\/pages"}],"about":[{"href":"https:\/\/sinesound.com\/index.php?rest_route=\/wp\/v2\/types\/page"}],"author":[{"embeddable":true,"href":"https:\/\/sinesound.com\/index.php?rest_route=\/wp\/v2\/users\/1"}],"replies":[{"embeddable":true,"href":"https:\/\/sinesound.com\/index.php?rest_route=%2Fwp%2Fv2%2Fcomments&post=14"}],"version-history":[{"count":12,"href":"https:\/\/sinesound.com\/index.php?rest_route=\/wp\/v2\/pages\/14\/revisions"}],"predecessor-version":[{"id":293,"href":"https:\/\/sinesound.com\/index.php?rest_route=\/wp\/v2\/pages\/14\/revisions\/293"}],"wp:attachment":[{"href":"https:\/\/sinesound.com\/index.php?rest_route=%2Fwp%2Fv2%2Fmedia&parent=14"}],"curies":[{"name":"wp","href":"https:\/\/api.w.org\/{rel}","templated":true}]}}